*s + 12. What is the hundreds digit of (-8820)/30*s/(-2)?
4
Let s = 6 + -2. Suppose y - 84 = -2*p, -2*y + s*p + 90 = -y. Suppose 4*a + 175 = 3*v, 3*v - y = v - 5*a. What is the units digit of v?
3
Let g(x) = 4*x + 572. Let w be g(0). Suppose w = 2*m + m - 2*s, s - 2 = 0. What is the units digit of m?
2
What is the hundreds digit of (-20)/550 + 35428840/1100?
2
Let k be (10506/(-408))/(2/16). Let u = 974 + k. What is the tens digit of u?
6
Let y(j) = -j**2 - 17*j + 19. Let a be y(-8). Suppose -a*f = -99*f + 1992. What is the hundreds digit of f?
2
Suppose 5*l = -4*q - 8, 0*l + 3*q + 6 = 5*l. Suppose l = 4*u + 4*n - 1908, -5*u + n = -2*n - 2369. What is the tens digit of u?
7
What is the units digit of 12/(-2) - ((-44)/(-242) + 109144/(-11))?
6
Let a(d) = d**3 + 13*d**2 - 15*d - 12. Let i be a(-14). Suppose -2*j - 2619 = -6*j - 5*f, i*j = -2*f + 1308. What is the tens digit of j?
5
Let m(a) = -5*a**2 + 183*a + 89. What is the units digit of m(33)?
3
Let d = 17788 + -10576. What is the hundreds digit of d?
2
Let u be (-4)/28 - 41556/(-28). Suppose 0 = c - 5*c + 24. What is the units digit of (-4)/c - u/(-12)?
3
Suppose 307*l - 320*l + 325 = 0. Suppose -1348 = -p - 4*x, -l*p = -29*p + 4*x + 5472. What is the hundreds digit of p?
3
Suppose 0 = -3*y - 3*x + 81, 0 = -7*x + 2*x - 15. Suppose y = w - 7. What is the tens digit of w?
3
Let y(a) be the second derivative of -a**3 + 11*a**2 - 2*a. Let q be y(18). Let i = q - -244. What is the units digit of i?
8
What is the hundreds digit of -1 + (-5 - ((-895427)/52 + 1/(-4)))?
2
Let w(v) be the first derivative of v**3/3 + 6*v**2 - 173. What is the units digit of w(-48)?
8
Let r(d) = 4*d**2 + 14*d - 8. Let k be r(-4). Suppose -5*f - 7*m = -8*m - 1175, k = -2*f - 4*m + 470. What is the hundreds digit of f?
2
Suppose 0 = -56*x + 360930 + 732974. What is the tens digit of x?
3
Let r(x) = 7*x - 40. Let m be r(5). Let w(s) = 3*s + 20. Let n be w(m). Suppose p - 5*j - 41 - 14 = 0, -3*p + 175 = -n*j. What is the tens digit of p?
6
Let b be (106/(-3))/(8/24). Let h = b + 519. What is the tens digit of h?
1
Let r = 746 - -2340. What is the units digit of r?
6
Let v(c) = 35*c - 27. Let l(w) = -w + 11. Let g be l(5). Suppose -5*b = 5*o - 15, o + 22 = g*b - 2*b. What is the hundreds digit of v(b)?
1
Let s be ((-7)/(-5) - 1)/(69/345). Suppose s*h + 10 = 4*h, 5*h + 445 = z. What is the hundreds digit of z?
4
Let m be 4/(-10) + (1 - (-8024)/10). What is the tens digit of (-1)/((-8)/(-32)) + m?
9
Suppose 4*a + 5*p - 58895 = 0, 4*p = -3*a + 7131 + 37041. What is the thousands digit of a?
4
What is the ten thousands digit of ((-4 + -2)/(-3))/(-4*14/(-1531684))?
5
Let n = 3273 - -8482. What is the thousands digit of n?
1
Let b(l) = 2*l**3 - 13*l**2 + 9*l - 14. Let j be b(6). Suppose 4 = 2*h - j. Suppose k = 4*c - 27, 0*k - h = -c + 3*k. What is the units digit of c?
7
What is the units digit of 8376/((10 + 0)/(-5)*(-6)/8)?
4
Let h = 2 + 0. Suppose 4*u = 3*q + 38, -h*u - 1 = 4*q + 13. Let d = q + 63. What is the tens digit of d?
5
Let n(k) = 52*k**2 - 75*k - 45. What is the hundreds digit of n(-13)?
7
Suppose 4*x - 8*x + 24 = 0. Let c be (-6)/(((-8)/x)/(12/18)). Suppose -a + 37 = -u + 2*u, c*a - u - 103 = 0. What is the units digit of a?
5
Suppose -5*d = -2*d - 639. Suppose 3*g + 4*q + 402 - 25 = 0, -4*q + 337 = -3*g. Let n = g + d. What is the units digit of n?
4
Suppose 1 = 2*n + 5*z, -n + z = -0*z - 4. Suppose -3*w - n*w = -5*w. Suppose -2*s - 20 = -2*y, w = 4*s - 3 - 5. What is the units digit of y?
2
Let x be 4/(-22) + 2 + (-2)/(-11). Suppose -6*p = -x - 10. Suppose p*r + 11 - 129 = 0. What is the tens digit of r?
5
Let y(a) = -198*a + 293. What is the units digit of y(-13)?
7
Suppose -4*z + 4*g + 32 = 0, 2*z = g + 4*g + 10. Suppose 5*f = 10*f - z. Suppose -5*s + 265 = -f*d, 2*s = 7*s - 4*d - 255. What is the units digit of s?
5
Let k(u) = u**3 + 29*u**2 + 77*u - 26. Let h be k(-26). Suppose h = -11*c + 1918 + 502. What is the hundreds digit of c?
2
Suppose -249*m + 183*m - 726 = 0. Let c(h) = 26*h - 29. Let i(a) = 27*a - 30. Let d(l) = -6*c(l) + 5*i(l). What is the hundreds digit of d(m)?
2
What is the hundreds digit of 110/11 - -6570 - 3?
5
What is the units digit of ((-78172)/16)/(13/(-52))?
3
Let q(t) = -6868*t + 514. What is the units digit of q(-2)?
0
Suppose -10*g = -3*g - 1645. Let w = -130 + g. What is the tens digit of w?
0
Suppose 0 = -2*k - 6, 5*k = -5*p - 0*k + 55. Let j(h) = 4*h**2 - 30*h - 5. What is the tens digit of j(p)?
5
Let q = -4149 - -10017. What is the thousands digit of q?
5
Let i(f) = 161*f**2 - 18*f + 59. What is the ten thousands digit of i(8)?
1
Let n(b) = -57*b - 223. Let p be n(-4). Suppose -5*i + 9*i = p*u - 4472, 0 = -5*u + 5*i + 4475. What is the units digit of u?
2
Let j = 12 + -12. Suppose -16*x = -12*x + 2*d - 772, 2*x + 5*d - 370 = j. What is the hundreds digit of x?
1
Suppose -12*o + 7*o + 2350 = 0. Suppose -2*d + 3*d = 5*t + o, 2*t = 2*d - 180. Let j = t - -170. What is the units digit of j?
5
Suppose -4*k = -4*u + 62612 + 89160, 5*u - 189747 = k. What is the units digit of u?
1
Let h(n) be the second derivative of -n**4/8 + 61*n**3/2 + 25*n**2/2 - 15*n. Let p(g) be the first derivative of h(g). What is the units digit of p(0)?
3
Suppose -242*d = -247*d + 180. Suppose 19*o - 28*o = -d. What is the units digit of o?
4
Let b(p) = 3*p**2 + 9*p + 6. Let n = 2 + 6. Suppose -97 = -15*g + n. What is the tens digit of b(g)?
1
Let t(f) be the second derivative of -5*f**3/6 + 25*f**2/2 + 9*f. Let s be (9 + -7)/((-4)/14). What is the units digit of t(s)?
0
Let z(m) = -17*m - 22. Let y(r) = 16*r + 21. Let k(l) = -5*y(l) - 4*z(l). Let w = 5 + -13. What is the units digit of k(w)?
9
Suppose 9*g + 2*c - 219328 = 0, g - 24392 = -478*c + 475*c. What is the thousands digit of g?
4
Suppose 16*z - 789 - 1755 = 0. Suppose -z + 2259 = 4*g - w, 2*g = -4*w + 1068. What is the units digit of g?
6
What is the ten thousands digit of (-76)/(-836) + (-1118532)/(-33)?
3
Let r(q) = 801*q - 179. What is the thousands digit of r(8)?
6
Suppose 0 = -5*d + 4*v + 447 + 255, 0 = -4*d + 4*v + 560. Let x = 130 + d. Let k = -178 + x. What is the units digit of k?
4
Let i(v) = -31*v + 68. Let p be i(2). What is the tens digit of -10 + 78419/77 + p/(-14)?
0
Let m be 204228/351 + 1/((-13)/(-2)). Suppose 5*a - 5*o - 1010 = 0, m = a + 2*a + 3*o. What is the tens digit of a?
9
Let o(f) = -6*f**2 + 195*f + 52. Let a(p) = -3*p**2 + 98*p + 27. Let x(w) = 5*a(w) - 3*o(w). What is the hundreds digit of x(34)?
2
Let j(g) be the first derivative of -g**2/2 - 12. Let u be j(2). What is the units digit of u/(-12) + ((-514)/(-12) - 4)?
9
What is the hundreds digit of 1 - (7 + -2) - (-8 - 50875)?
8
Suppose 0 = -4*m - 7*q + 3*q - 4, 3*m - 4*q = 25. Suppose 3*i = 8*i - m*v - 7877, 3156 = 2*i + 4*v. What is the hundreds digit of i?
5
Let y(c) = -3 - 2*c - 19 + 2. Let d be y(-17). Let x = d - -136. What is the hundreds digit of x?
1
Suppose 0 = 920*h - 921*h + 5. What is the hundreds digit of 2/h*(-42030)/(-18)?
9
Suppose 0 = -4*q - 4*k + 2524, -3*q + 2*k + 1893 = 6*k. Let l = 1159 - q. What is the units digit of l?
8
What is the units digit of ((-151893)/(-14))/3 + (-3)/6?
6
Suppose 77*k = 31*k + 38*k + 32. Let r be 0 - 0 - 4*-1. Suppose 2*n - 5*z - 18 = 23, 0 = -r*z + k. What is the units digit of n?
3
Let v(b) = 2 - 68*b + 4 + 49*b. Let n(f) = f**3 - 5*f**2 + 6*f - 2. Let s be n(2). What is the tens digit of v(s)?
4
Let p = -359 - -362. Suppose -2*w + 1937 = -5*n, n = w - p*n - 961. What is the tens digit of w?
8
Suppose -5*c + 128860 = 2*o, -2*c + 64431 = -110*o + 111*o. What is the ten thousands digit of o?
6
Let m(z) = 12*z - 36. Suppose 0 = -6*h + 33 + 3. Let d be m(h). Let r = d - 34. What is the units digit of r?
2
Let p = 9916 - -4338. What is the ten thousands digit of p?
1
Suppose -15*o = 5*o - 0*o - 2140. Suppose -2*a + 4*a + 36 = 0. Let i = o - a. What is the units digit of i?
5
Let a(b) = 148*b + 3. Suppose 2 = 5*r - 3*r. Let n be a(r). Let v = -72 + n. What is the tens digit of v?
7
Let l = 230 + -138. Let x = l - -260. What is the hundreds digit of x?
3
Let c = -62 + 265. Let r = 347 - c. What is the hundreds digit of r?
1
Let a be -3*(-1 - 1 - -3)*-1. Suppose a*u + 2*b = -0*b - 2, 2*b + 2 = 0. Suppose 3*c + j = 100, -8 